*i. Suppose 4*n - 2*o - 126 = i, -o - 24 = -n + 2*o. What are the prime factors of n?
3, 11
Let a = -123 + 206. Let f = a + -14. What are the prime factors of f?
3, 23
Let i(g) be the first derivative of -g**3 - 5*g**2/2 - 19*g - 7. Let d be i(-7). Let n = 44 - d. What are the prime factors of n?
5, 7
Let d(w) = -5*w**3 + 2*w**2 - 14*w - 133. What are the prime factors of d(-7)?
2, 7, 127
Let d(z) = 11*z + 89*z**2 - 46 + 1 + 7 + 16. List the prime factors of d(4).
2, 3, 241
Let r = -33 + 36. Let i(l) = -121*l**r + 428*l**2 - 2 + l - 3*l - 213*l**2 - 216*l**2. List the prime factors of i(-1).
2, 3, 5
Suppose 427073 = 8172*o - 8163*o + 2894. List the prime factors of o.
7, 6733
Let p be (-12)/3 - 6/(-2). Let k = 179 - p. List the prime factors of ((-32)/(-6))/(24/k).
2, 5
Suppose 7*a = 6*a - 8. Let x be 99/(-22)*a/6. What are the prime factors of (25/5)/(2/x)?
3, 5
Let k(r) = r**3 - 5*r**2 + 8*r - 4. Let g be k(3). Suppose 7*f = g*f + 30. What are the prime factors of f?
2, 3
Suppose 7*q + 10 = 59. Let b(p) = -p**3 + 6*p**2 + 8*p + 17. Let k be b(q). Suppose k = 4*w - 4*g - 56, 4 = -2*g. List the prime factors of w.
2, 3
Suppose -20*j - 53 - 27 = 0. Let m(u) = 57*u**2 - 39*u + 4. What are the prime factors of m(j)?
2, 67
Suppose 5*r = -6 - 9, -r = 5*y - 162. What are the prime factors of y*5/(90/24)?
2, 11
Let r(k) = -223*k + 3692. What are the prime factors of r(0)?
2, 13, 71
Let n(v) = -5*v**3 + v**2 - 6*v + 52. Let c be n(6). Let a = -109 - c. List the prime factors of a.
919
Let m(b) = -78*b - 127. List the prime factors of m(-23).
1667
Suppose -157 = 3*p + 146. Let w = -100 - p. What are the prime factors of -1 + 143 - (w - (-2 + 5))?
2, 3
Suppose 0 = 27*t - 162 - 54. Let p(j) = 3*j**3 - 6*j**2 + 14*j + 17. What are the prime factors of p(t)?
3, 7, 61
Suppose 185895 = 34*q - 104363. List the prime factors of q.
8537
Let n = -86148 + 157111. What are the prime factors of n?
29, 2447
Suppose 4163 + 5221 = 6*l. Let y = l + -272. What are the prime factors of y?
2, 17, 19
Let y be 3/9 + 0 + 47/3. Suppose 1343 = h + y*h. What are the prime factors of h?
79
Let z = -343 - -2. List the prime factors of 4/((-11)/(z/2)).
2, 31
Let w be 5/(15/16)*18/(-4). Let p be 2/6 - 40/w. Suppose p*u + 15 = -3*d + 6*d, -2*d = 3*u - 10. What are the prime factors of d?
5
Let w be ((-6)/(-4))/(11/(144 - -10)). Let x = 324 - w. List the prime factors of x.
3, 101
Suppose 73000 - 450067 = -9*l - 70*l. What are the prime factors of l?
3, 37, 43
Suppose 7*t - 98784 = 2*t - 2*b, 5*t + b = 98787. What are the prime factors of t?
2, 3, 37, 89
Let d(v) = v**3 + 3*v**2 - 3*v + 4. Let k be d(-4). Let z = -3051 + 3054. Suppose z*m - 4*m + 42 = k. What are the prime factors of m?
2, 3, 7
Suppose 3 = -b, -13*z + 2*b = -16*z + 33. Suppose z*o + 6435 - 27443 = 0. What are the prime factors of o?
2, 101
Let g = 406 + -306. Suppose 0 = -3*l - g + 682. What are the prime factors of l?
2, 97
Let w(n) = n**2 - 7*n + 39. Let t be w(5). Let f(k) = k**2 + 2*k - 1. Let c be f(2). Suppose c*x = t + 97. List the prime factors of x.
2, 3
Let m = -16 + 21. Let x(c) = 10*c**2 + 2*c + 21. What are the prime factors of x(m)?
281
Let z be (-7 + -2 + 6)/(-1). Suppose x - 198 = v, 80 = 2*x + z*v - 331. Suppose -8*m - x = -585. What are the prime factors of m?
2, 3
Suppose -245196 = -308*j + 266*j. What are the prime factors of j?
2, 3, 7, 139
Let g = 36389 - -33829. What are the prime factors of g?
2, 3, 47, 83
Suppose -56*v + 144450 = -131355 - 795587. List the prime factors of v.
2, 4783
Suppose 118*v = -3*i + 122*v + 2555, -2*i + 1700 = -2*v. What are the prime factors of i?
5, 13
Let s = -13184 + 23227. List the prime factors of s.
11, 83
Let h = 3 + 1. Let d be (16/(-6))/(h/(-6)). What are the prime factors of (-2 - -84) + 0 + d?
2, 43
Let k = 490 - 484. Suppose -k*q - 4086 = -12*q. List the prime factors of q.
3, 227
Let n be (2 - 0 - -7)*28/21. Let r be n/2*40/60. Suppose 4*d - 291 = -3*m, -3*m - 266 = -r*d - m. What are the prime factors of d?
3, 23
Let d be 8/(-6) + (-6)/9. Suppose -p + 7*p - 558 = 0. List the prime factors of ((-44)/66)/(d/p).
31
Let v be 12 + -8 + (-2 + 1 - 0). Suppose 11*x - v*x - 752 = 0. Suppose -5*g + 221 = -x. List the prime factors of g.
3, 7
Suppose 0 = -30*j + 33*j. Let o be 305 + -1 - j - (-24 + 26). Let t = 595 - o. What are the prime factors of t?
293
Suppose 4*l - 16 = 3*s, -2*l = s - 4*l + 8. Suppose s = -13*u - u + 2520. What are the prime factors of u?
2, 3, 5
Suppose 4*t = 2*c + 21392 + 48882, 5*c = -t + 17596. What are the prime factors of t?
3, 5857
Let i(f) = 11*f + 28. Suppose 2*j = -2*j - 300. Let t = j - -79. What are the prime factors of i(t)?
2, 3
Let x(q) = 41617*q - 4181. List the prime factors of x(2).
3, 13, 2027
Let x = 63 + -60. Suppose -2*c = -2*d, -24 = -x*d - 3*c - 0*c. Suppose -d*z + 17*z - 2769 = 0. What are the prime factors of z?
3, 71
Suppose -5*q + 3*k = -6659, 6644 = 5*q - 2*k + 4*k. Suppose -p = -3*r - 250, 5*r = 3*p - 8*p + q. List the prime factors of p.
2, 131
Suppose 60726 = -696*h + 702*h. What are the prime factors of h?
29, 349
Let r be 375/20 - (-3)/(-4). Let o = 29 - r. Suppose 1 = 5*f + o, -f = -2*t + 16. What are the prime factors of t?
7
Suppose 4*o - 32377 = u, -5*o + 28004 + 12456 = -5*u. What are the prime factors of o?
5, 1619
Let r(w) = 161*w + 41 - 36 + 186*w. List the prime factors of r(1).
2, 11
Let j(i) = 246 - 143 - 231 - 101*i. What are the prime factors of j(-13)?
3, 5, 79
Let f(c) = -665*c**3 + 9 - 12*c + 666*c**3 + 21*c + 12*c**2. Suppose 4*x - x = -3*q - 39, 2*q = 3*x - 16. List the prime factors of f(q).
31
Let a(w) = 2859*w - 1432*w - 1416*w + 9. Suppose -2*n + f - 6*f = 4, 2*n - 4*f = 32. What are the prime factors of a(n)?
97
Let n(p) = -49*p - 14. Let a(g) = 98*g + 28. Let h(i) = -3*a(i) - 5*n(i). Let j(o) = 24*o + 7. Let r(k) = -2*h(k) - 5*j(k). List the prime factors of r(-3).
59
List the prime factors of (-2)/26 + (-41)/(3198/(-109830)).
2, 11
Suppose 35*p - 26*p - 191944 = -5*i, i + 106628 = 5*p. What are the prime factors of p?
2, 10663
Let p = -226 - -126. Let u = -102 - p. Let z(r) = -22*r - 5. List the prime factors of z(u).
3, 13
Let b = 342 + -334. Suppose -b*y + 2655 = y. List the prime factors of y.
5, 59
Let q(j) = -28*j + 57. Let o be q(10). Let l = o - -333. What are the prime factors of l?
2, 5, 11
Suppose -8 = 2*t + 4*b, -3*t + 2*b - 56 = -68. Let k(w) = 20*w**2 - 14*w + 8. What are the prime factors of k(t)?
2, 3, 5
Suppose 4*y - 4*m + 3 - 107 = 0, -4*y + 5*m = -102. Suppose 8*b = y*b - 2560. What are the prime factors of b?
2
Let b = 21964 - 8504. List the prime factors of b.
2, 5, 673
Let p(h) = -1123*h**3 - 7*h**2 + 43*h + 175. List the prime factors of p(-4).
3, 19, 1259
Let v = 2088 - -11787. List the prime factors of v.
3, 5, 37
List the prime factors of 262566/27 - 13/(-39).
5, 389
Let i(p) = -185*p**2 - 2*p - 1. Let o be i(-1). Suppose -29*u - 22*u + 89*u = -3876. Let s = u - o. What are the prime factors of s?
2, 41
Let x(u) = 516*u**2 + 17*u - 45. What are the prime factors of x(4)?
17, 487
Suppose 2*l - 8101 = -3*c, l + c - 4050 = -0*l. What are the prime factors of l?
4049
Let b(a) = -3*a**2 + 81*a - 3. Let p be b(27). What are the prime factors of (-14118)/(-104)*((3 - -4) + p)?
3, 181
Suppose 0 = 4*n + 2 + 2, -2844 = -5*m + 4*n. List the prime factors of m.
2, 71
Let w be (56/(-6))/((-36)/1350). Let v = 746 - w. List the prime factors of v.
2, 3, 11
Let w = 6759 + 1403. What are the prime factors of w?
2, 7, 11, 53
Let b be 1/(-3) - ((-44)/(-12) + -3). List the prime factors of 4/b*21/6*-3.
2, 3, 7
Suppose 0 = -3*b - 2*b - 10. List the prime factors of (-1 - -268) + b + -2.
263
Suppose -5*i + 101 + 79 = 0. Let q be 78/8 - (i/16)/3. Suppose -2*w - 6 = 0, 7*b - 2*w = q*b - 318. List the prime factors of b.
2, 3
What are the prime factors of (-12681)/(-6*9/54)?
3, 1409
Let y be 9/(270/24) + (-5171)/(-5). Suppose -j + 4185 = 4*q + 4*j, -y = -q + j. What are the prime factors of q?
2, 5, 13
Suppose 0 = -13*o + 16*o - 7727 - 10096. List the prime factors of o.
13, 457
Let j(z) = -5 - 2*z - z**2 - z + 10 + 5*z - 5*z**3. Let n(l) = -4*l**3 + 3*l + 5. Let s(i) = 5*j(i) - 6*n(i). What are the prime factors of s(-5)?
5, 7
Let y(v) = -2805*v + 51. What are the prime factors 